n divisor of 3087 and 5345655.
1029
What is the highest common divisor of 108 and 7428?
12
Calculate the greatest common factor of 88276 and 3805.
761
What is the greatest common factor of 54 and 31788?
18
Calculate the greatest common factor of 3114 and 7344.
18
What is the highest common divisor of 210 and 734160?
210
What is the highest common divisor of 192 and 7968?
96
What is the greatest common factor of 107 and 30923?
107
Calculate the highest common divisor of 1470 and 2311722.
294
Calculate the highest common divisor of 846 and 18198.
18
Calculate the highest common divisor of 331752 and 368.
184
Calculate the highest common factor of 10 and 281630.
10
What is the highest common divisor of 79128 and 720?
72
Calculate the highest common divisor of 235412 and 3084.
1028
What is the greatest common divisor of 1091145 and 66?
33
What is the highest common divisor of 147 and 2541?
21
Calculate the greatest common divisor of 18502 and 577390.
638
Calculate the highest common factor of 238 and 197421.
119
What is the greatest common factor of 276 and 20484?
12
Calculate the greatest common divisor of 1936 and 18128.
176
Calculate the highest common factor of 1326 and 569738.
442
Calculate the greatest common factor of 95 and 19779.
19
Calculate the highest common factor of 3210991 and 3395.
679
What is the highest common factor of 740 and 7460?
20
What is the highest common divisor of 1845 and 85680?
45
What is the highest common divisor of 203282 and 8?
2
What is the greatest common divisor of 20 and 2065780?
20
Calculate the highest common factor of 2133 and 7911.
27
What is the highest common factor of 520 and 1872?
104
Calculate the highest common divisor of 304562 and 7730.
1546
What is the greatest common factor of 140655 and 15?
15
What is the highest common factor of 704238 and 66?
6
Calculate the highest common factor of 179 and 195289.
179
What is the highest common divisor of 62594 and 263?
263
Calculate the highest common factor of 2653 and 182.
7
What is the greatest common factor of 168675 and 3287?
173
What is the highest common divisor of 4204 and 1306393?
1051
What is the highest common factor of 63 and 1631?
7
Calculate the greatest common factor of 254 and 200025.
127
Calculate the greatest common factor of 3621 and 52185.
213
What is the greatest common divisor of 114787 and 395?
79
Calculate the greatest common divisor of 238 and 15792.
14
Calculate the greatest common divisor of 238 and 30838.
34
What is the greatest common factor of 50 and 700430?
10
What is the greatest common factor of 19894 and 464?
58
What is the highest common factor of 1037028 and 11748?
1068
Calculate the highest common divisor of 753424 and 560.
112
Calculate the greatest common divisor of 380 and 4879580.
380
What is the greatest common factor of 71052 and 25854?
186
What is the greatest common factor of 3572 and 13236046?
1786
What is the highest common divisor of 7119 and 156957?
339
What is the greatest common divisor of 1886 and 19274?
46
Calculate the greatest common divisor of 6072 and 2112.
264
Calculate the highest common divisor of 14 and 1972215.
7
What is the greatest common factor of 33 and 10248843?
33
Calculate the greatest common factor of 11 and 34199.
11
What is the greatest common divisor of 61 and 186843?
61
What is the greatest common divisor of 30 and 774710?
10
Calculate the highest common divisor of 1246 and 10710616.
1246
Calculate the highest common divisor of 11704 and 4446.
38
Calculate the highest common factor of 178209 and 36.
9
Calculate the greatest common factor of 32320 and 192.
64
Calculate the highest common divisor of 1845 and 449565.
615
Calculate the highest common divisor of 178937 and 77.
11
What is the greatest common divisor of 190513 and 222?
37
What is the highest common divisor of 292698 and 882?
126
Calculate the greatest common divisor of 41 and 6208261.
41
Calculate the highest common divisor of 2430 and 21570.
30
Calculate the greatest common divisor of 249102 and 350.
14
Calculate the highest common factor of 30 and 24690.
30
Calculate the highest common divisor of 9081 and 3.
3
Calculate the greatest common factor of 70 and 33635.
35
What is the greatest common factor of 7 and 42791?
7
Calculate the greatest common factor of 84 and 118538.
14
What is the greatest common divisor of 64 and 19676?
4
Calculate the highest common factor of 198860 and 92720.
1220
Calculate the greatest common divisor of 19524 and 516.
12
Calculate the highest common divisor of 3328402 and 154.
154
What is the greatest common factor of 68 and 805171?
17
Calculate the greatest common factor of 750076 and 2108.
124
What is the greatest common factor of 95114 and 38?
38
Calculate the highest common divisor of 1207 and 1422911.
71
Calculate the greatest common divisor of 32362 and 220.
22
Calculate the greatest common factor of 18 and 114570.
18
What is the highest common factor of 318143 and 141?
47
Calculate the greatest common factor of 56 and 574.
14
What is the greatest common factor of 42944 and 11200?
64
Calculate the highest common factor of 114863 and 1345.
269
What is the highest common divisor of 44998 and 4681?
151
What is the greatest common divisor of 55808 and 3161?
109
What is the greatest common factor of 316889 and 1003?
59
What is the highest common divisor of 326436 and 96?
12
Calculate the highest common factor of 3287 and 8341.
19
What is the greatest common factor of 216909 and 3465?
693
Calculate the highest common divisor of 5511416 and 16.
8
Calculate the highest common factor of 17 and 2164933.
17
Calculate the greatest common factor of 40480 and 77.
11
What is the greatest common divisor of 21 and 8193381?
21
Calculate the highest common factor of 20 and 103960.
20
Calculate the highest common divisor of 128 and 699616.
32
Calculate the highest common factor of 540 and 24390.
90
What is the greatest common factor of 2076 and 3264?
12
What is the highest common factor of 2320 and 518810?
290
Calculate the greatest common factor of 1700 and 34400.
100
What is the greatest common factor of 1056 and 71412?
132
Calculate the highest common factor of 1924 and 224960.
148
What is the highest common divisor of 1144 and 155532?
52
What is the greatest common factor of 822 and 1?
1
Calculate the highest common factor of 33 and 697917.
33
What is the highest common factor of 1648071 and 117?
9
Calculate the highest common factor of 21352 and 153.
17
Calculate the greatest common divisor of 809 and 5987409.
809
What is the highest common divisor of 10881 and 63531?
351
Calculate the highest common factor of 184480 and 512.
32
Calculate the greatest common divisor of 340 and 685780.
340
Calculate the highest common factor of 578037 and 57.
57
Calculate the greatest common divisor of 309 and 123.
3
Calculate the highest common factor of 56754 and 1170814.
2102
What is the greatest common factor of 1934416 and 3509?
319
What is the greatest common divisor of 1984 and 2384?
16
What is the highest common factor of 66 and 6039?
33
Calculate the highest common divisor of 122 and 816607.
61
What is the greatest common factor of 1378446 and 186?
186
What is the greatest common divisor of 43314 and 18?
6
What is the greatest common divisor of 7035170 and 5?
5
What is the highest common factor of 27 and 55812?
3
Calculate the greatest common divisor of 162 and 63288.
54
What is the highest common divisor of 123967 and 106?
53
What is the highest common factor of 38658 and 255?
51
What is the highest common divisor of 2171054 and 248?
62
Calculate the greatest common factor of 2 and 371826.
2
Calculate the highest common divisor of 1064 and 3336571.
133
Calculate the greatest common factor of 210834 and 12879.
477
Calculate the greatest common divisor of 288 and 58048.
32
Calculate the greatest common divisor of 525 and 10563.
21
What is the greatest common factor of 230 and 15502?
46
What is the highest common divisor of 150 and 31782?
6
Calculate the highest common divisor of 3143472 and 48.
48
Calculate the greatest common divisor of 3030 and 330.
30
Calculate the highest common factor of 200 and 308625.
25
Calculate the greatest common factor of 46827 and 847.
121
Calculate the greatest common divisor of 3